 - 1 + i. What is p(w)?
-22
Suppose 7*j + 39 = 74. Let n(y) be the first derivative of -y**4/4 + 4*y**3/3 + 7*y**2/2 - 5*y - 1. Determine n(j).
5
Let j(l) = 4*l**3 + 8*l**2 + 7*l + 3. Let w(g) = 5*g**3 + 9*g**2 + 8*g + 4. Let y(p) = 6*j(p) - 5*w(p). What is y(4)?
-10
Let t(q) = q**3 - 6*q**2 - 3*q + 5. Let k(z) = z**2 + 3*z + 7. Let s be k(-2). Give t(s).
-35
Let f(c) = -13*c**3 - 10*c**2 + 3*c - 4. Let z(m) = -11*m**3 - 9*m**2 + 2*m - 4. Let x(n) = -5*f(n) + 6*z(n). Calculate x(-3).
-4
Let i be 98/10 - 7/(-35). Let k(s) = -7*s + i*s - 7 + s**2 + 2. Suppose 1242*n - 15 = 1245*n. What is k(n)?
5
Let d(p) be the second derivative of 3*p**2 + 0 + 45*p + 1/2*p**4 - 4/3*p**3 - 1/20*p**5. Suppose 5*c = 3*c + 10. Calculate d(c).
-9
Let u(m) = 5 + 3*m + 3*m - 7*m**2 + m**3 + 0*m**2. Let c be (4 + 56/(-12))*2/((-12)/45). Give u(c).
-15
Let g(t) = -4 + 21*t - 26*t - 5*t. Give g(-3).
26
Let o(q) = 10*q + 54. Suppose -l = 5, 0 = -15*t + 12*t - 2*l - 28. Give o(t).
-6
Let s be 0 + 1 + 183/(-61). Let x(z) = 15*z - 1. Calculate x(s).
-31
Let c(j) = -j - 3. Let b be c(-7). Suppose 4*p + 52 = 2*g, -b*g + 5*p + 89 = 2*p. Suppose 7*m - 3*m - g = 0. Let t(i) = i**2 - 7*i + 6. What is t(m)?
-4
Suppose 3*f + 3*a + a - 2 = 0, 3*f - 38 = 5*a. Let q(u) = u**3 - 6*u**2 - u + 1. Give q(f).
-5
Let u(q) be the third derivative of 17*q**4/24 + 18*q**2. Determine u(1).
17
Let z(i) = i + 6. Let v be z(-4). Let t(j) = -8*j**v - 2*j + 4*j**2 + 5*j**2. Give t(2).
0
Let l = 80 + -77. Let z(d) = 4*d**2 - 4*d + 2. Calculate z(l).
26
Let u(h) = -3*h + 5*h - 5*h + 3 + h. Suppose 0 = 3*z + 5*t - 13, 3*z - 20 = -z - 4*t. Give u(z).
-9
Let g(u) = -5*u + 3*u + 2*u + u**2 - 5*u + 1. Suppose -3*y + o = -12 - 46, -2*o - 56 = -3*y. Suppose -4*k + 3 = 3*m - 19, -y = -3*k - 4*m. Determine g(k).
-3
Let p(o) = 2*o + 17. Let m = -2173 + 2178. What is p(m)?
27
Let z(h) = 5*h + 14. Let i(o) = 3*o + 9. Suppose 2*q + 16 = 4*q. Let w(d) = q*i(d) - 5*z(d). Determine w(5).
-3
Suppose o - 32 = -4*n + 4*o, 3*n - 5*o = 13. Let r be (-1)/(44/(-272)) - 2/n. Let x(k) = -k**2 + 7*k - 8. Give x(r).
-2
Let g(d) = -d + 14. Let y be g(22). Let t(z) = -z**2 - 8*z - 3. Determine t(y).
-3
Let a(k) be the first derivative of 1/3*k**3 - 6*k**2 - 7 + 6*k. Give a(11).
-5
Suppose -3*u - 3*y + 18 = 0, u + 2*u - 5*y + 14 = 0. Let z(l) = -7*l**2 - 7*l - 3 - 6*l**2 + 12*l**u. Determine z(-5).
7
Let j(z) be the second derivative of -z**3/3 + z**2/2 - z. Suppose m + 0*m - 2*o + 4 = 0, 0 = m - o + 2. Suppose m = -8*p + 17*p - 9. Calculate j(p).
-1
Let k(t) = t + 4. Suppose -5*x - 5*g = -100, -g - 57 - 23 = -3*x. Let a be 43/5 - (-10)/x. Let n be 24/a*3/2. Calculate k(n).
8
Let g(w) = w**2 + 3*w - 2. Let c(d) = 4*d - 1 - 104*d**2 + 105*d**2 - 2. Let i(v) = 3*c(v) - 4*g(v). Determine i(-2).
-5
Suppose -3*g = 83 - 95. Let l(m) = 5*m - 18. Determine l(g).
2
Let c(o) be the first derivative of -2*o**3/3 - 3*o**2/2 - 2*o + 36. Let d(i) = 2*i - 1. Let a be d(2). Suppose a*k = -0*k - 6. Determine c(k).
-4
Let h(k) be the first derivative of k**5/60 - k**4/3 + 7*k**3/6 - 3*k**2 + 23. Let i(o) be the second derivative of h(o). What is i(6)?
-5
Suppose 0*j + 72 = 2*j. Suppose 0 = -4*b - j. Let g = b - -12. Let h(m) = m + 3. Determine h(g).
6
Suppose -4*m + m = -9. Suppose -18 = -6*g + m*g. Let k(d) = 2*d - 1. What is k(g)?
11
Let x(v) be the third derivative of -v**6/120 + v**5/15 - v**3/6 - 5*v**2 - 2*v. Let g be 1 - (-2 - -1) - 6. Let c = g + 8. What is x(c)?
-1
Suppose -4*z = -2*p + 358, -2*p - 3*p = 3*z + 275. Let b = 97 + z. Let j(v) = v**2 - 6*v - 1. Determine j(b).
6
Let c be (3/(-2) - 2)*-2. Let u(n) = n - 8. What is u(c)?
-1
Let m be (0 - (-68)/4)*-2. Let z = 21 + m. Let a = 16 + z. Let w(y) = y**3 - 3*y**2 - y + 1. What is w(a)?
-2
Let m(j) = j**3 + 2*j**2 - j + 4. Let s(i) be the first derivative of i**4/4 + i**3 - i**2/2 + 3*i - 6. Let t(x) = -2*m(x) + 3*s(x). Give t(-5).
6
Let j(t) be the third derivative of -t**5/60 + t**4/3 - 7*t**3/6 - 745*t**2. Give j(9).
-16
Let r(u) = -4*u + 6 - 95*u**3 - 7 + 96*u**3 + 6*u + u**2. Determine r(2).
15
Let n be 0/((-2 - -2) + -2). Let z(k) = -5 + 1 - k + n*k. Let l be (6/18)/(7 + (-765)/108). What is z(l)?
0
Suppose 0 = -15*w - 53 + 128. Let a(c) = c**3 - 5*c**2 - c - 4. Give a(w).
-9
Suppose 19*o - 20*o + 2*c = -5, 0 = 2*o + 3*c + 25. Let w(u) = u**3 + 6*u**2 + u - 7. Give w(o).
13
Let w(x) = 2 - 514*x - 6 - 1 + 515*x. Give w(-6).
-11
Let c(z) = -z**2 + 4*z - 2. Let b(a) = -a**2 + 5*a - 3. Let m(i) = 2*b(i) - 3*c(i). Let q(y) = y**2 - y. Let j(f) = -5*m(f) + 6*q(f). Calculate j(-2).
-4
Let f(j) = -j**2 + 2*j - 4. Suppose -3*b - 7 = -1. Let c(n) = -4*n**2 + 9*n - 16. Let z(a) = b*c(a) + 9*f(a). Calculate z(0).
-4
Suppose 0 = -4*v + y + 3*y + 60, -3*y + 45 = 3*v. Let n = 49 + -35. Let j = n - v. Let z(g) = -g + 1. What is z(j)?
2
Suppose 15 - 10 = n. Let k(r) = 4*r - 7. Determine k(n).
13
Let q(d) = d**3 + 9*d**2 + 3*d - 31. Let x be q(6). Let m(k) = 261*k + 3 + 264*k - x*k. Give m(4).
-5
Let r = -809 + 814. Let i(n) = -2*n. Give i(r).
-10
Let v be 3/(-6)*2*-3. Let t(y) = v*y - 6*y + 9 + 4*y. What is t(-5)?
4
Let h(p) = p**3 - 4*p**2 + 2*p + 1. Let f(m) = -4*m**3 + 2*m**2 + 2*m + 1. Let i be f(-1). What is h(i)?
36
Suppose -z = -7 + 5. Let m(g) = -499 - z*g**2 - g**3 - 2*g**2 + 505 + 8*g - 2*g**2. Calculate m(-7).
-1
Let m(p) = p**3 + 6*p**2 + 7*p + 3. Let q(w) = w**3 + 13*w**2 + 13*w + 18. Let f be q(-12). Suppose -3*c = -6*c + f. Suppose -c*n + 25 = -7*n. Give m(n).
-7
Let c(b) be the second derivative of b**4/12 + b**3/3 - b**2 + 65*b - 2. Let r be 1/2*(-4)/1. Calculate c(r).
-2
Let q(u) = u**2 + 2*u - 3. Let b(x) = -2*x**2 - 4*x + 5. Let v(d) = 4*b(d) + 7*q(d). Let m = -11 - -7. Let y = m - -3. Give v(y).
0
Suppose -4 = -t + 5*k, 3*t + t - 16 = -4*k. Let m = -18 + 22. Let z(n) = -n**3 - 7*n + 6 + 0*n + m*n**2 + n**2. Determine z(t).
-6
Let y(d) be the third derivative of -d**5/60 - 2*d**4/3 - 7*d**3/3 - 24*d**2. Give y(-15).
1
Let q(v) = -32*v**3 + 3*v**2 + 2*v - 2. Let h(m) = -31*m**3 + 2*m**2 + m - 1. Let u(o) = 3*h(o) - 2*q(o). What is u(1)?
-29
Suppose -84 - 84 = 56*l. Let x(p) be the first derivative of -p**2/2 - 2*p - 1. Give x(l).
1
Let j(z) = 2*z - 1. Let c(n) = -11*n + 15. Let q(r) = c(r) + 5*j(r). Determine q(4).
6
Let z be 3/2*8/(-6). Let g(x) = -x**2 + 12*x + 4. Let v(k) = 2*k**2 - 21*k - 7. Let f(n) = -7*g(n) - 4*v(n). Calculate f(z).
-4
Let y(m) = -5*m - 3. Let b(r) be the third derivative of -r**4/4 - r**3/3 - 31*r**2. Let f(i) = -4*b(i) + 5*y(i). Determine f(-5).
-2
Let y = 2214 + -2220. Let b(n) = 10*n - 6. Calculate b(y).
-66
Let d(i) = 26*i**2 + i + 1. Suppose -4*r + 3*v + 5 = 0, -5*v - 16 = 3*r + 2. Give d(r).
26
Let q(b) = -2*b**2 - 17*b - 2. Let m(a) = -2*a**2 + 112*a - 224. Let f be m(2). Calculate q(f).
6
Let a(f) = -f**2 + 7*f - 3. Let d be a(6). Let k(p) be the second derivative of 2/3*p**3 + 0 + 3*p + 2*p**2 - 1/12*p**4. Determine k(d).
7
Let g = 1776 + -1769. Let n(y) = 11*y - 76. What is n(g)?
1
Let d(n) = n**2 + 8*n + 4. Suppose 0 = -4*t + 3*h + 185, 2*h - 1 + 7 = 0. Let w = 38 - t. Determine d(w).
-8
Let j(w) = -4*w + 10. Let b = -22 - -25. Let t be j(b). Let l(x) = 5*x**2 + 4*x + 2. Give l(t).
14
Let f(u) = u**2 + 24*u - 78. Let j be f(-27). Let g(v) = -v**3 - 2*v**2 + 2*v + 2. What is g(j)?
-37
Let n = -16 + 9. Let l(a) = 11*a + 6. Let m(g) = 5*g + 4. Let c(p) = -2*l(p) + 5*m(p). Give c(n).
-13
Let a be 22/(-33)*2/((-4)/15). Let k(f) = f**3 - 3*f + 2 - a + 1 + 4. Determine k(2).
4
Let v(m) = m**3 + 3*m**2 - 2. Let s(r) = 6*r**3 + 13*r**2 + 4*r - 8. Let z(i) = -s(i) + 4*v(i). Calculate z(-3).
57
Let r(s) = 5*s - 9. Suppose 5*w + 25 + 23 = -4*z, 2*z = -4*w - 36. Give r(w).
-49
Let a(z) = -z**2 - 10*z - 18. Let x be a(-6). Let h(q) = -5*q + 7*q - 4 - 5*q + 5*q. Give h(x).
8
Suppose -2*n - t = 23, n - 24 = 2*n + 3*t. Let i be 1*2*n/(-6). Let y(s) = -2 + 2*s + 6*s**2 + s**i + 0 + 0. Give y(-2).
10
Suppose 13*h - 5 - 8 = 0. Let c(o) = 4*o - 5. Let i(y) = y**2 - 5*y + 6. Let q(p) = 6*c(p) + 5*i(p). Give q(h).
4
Suppose 12*r - 7 = 29. Let i(h) = h**3 - 4*h**2 + h + 3. Determine i(r).
-3
Let t(r) = 2*r + 2. Let a(s) = -7*s - 10. Let p(y) = -a(y) - 3*t(y). Give p(5).
9
Let p(w) be the first derivative of -w**4/4 - 4*w**3/3 + 3*w**2 + 5*w - 13. Let i(m) = -m**